{"id":9015,"date":"2025-10-01T17:50:56","date_gmt":"2025-10-01T15:50:56","guid":{"rendered":"https:\/\/podgorjesg.splet.arnes.si\/?page_id=9015"},"modified":"2025-10-01T17:50:57","modified_gmt":"2025-10-01T15:50:57","slug":"erasmus-k210","status":"publish","type":"page","link":"https:\/\/www.ospodgorje.si\/?page_id=9015","title":{"rendered":"Erasmus + K210"},"content":{"rendered":"\n<figure class=\"wp-block-gallery has-nested-images columns-default is-cropped wp-block-gallery-1 is-layout-flex wp-block-gallery-is-layout-flex\">\n<figure class=\"wp-block-image size-large\"><img loading=\"lazy\" decoding=\"async\" width=\"1024\" height=\"215\" data-id=\"5011\" src=\"https:\/\/www.ospodgorje.si\/files\/2024\/10\/SL-Sofinancira-Evropska-unija_POS-1024x215.jpg\" alt=\"\" class=\"wp-image-5011\" srcset=\"https:\/\/www.ospodgorje.si\/files\/2024\/10\/SL-Sofinancira-Evropska-unija_POS-1024x215.jpg 1024w, https:\/\/www.ospodgorje.si\/files\/2024\/10\/SL-Sofinancira-Evropska-unija_POS-300x63.jpg 300w, https:\/\/www.ospodgorje.si\/files\/2024\/10\/SL-Sofinancira-Evropska-unija_POS-768x161.jpg 768w, https:\/\/www.ospodgorje.si\/files\/2024\/10\/SL-Sofinancira-Evropska-unija_POS-1536x322.jpg 1536w, https:\/\/www.ospodgorje.si\/files\/2024\/10\/SL-Sofinancira-Evropska-unija_POS-2048x430.jpg 2048w\" sizes=\"auto, (max-width: 1024px) 100vw, 1024px\" \/><\/figure>\n<\/figure>\n\n\n\n<p class=\"has-black-color has-text-color has-link-color wp-elements-1dbfee595a0cfca152b38ad7e77d577c\"><a><strong>Erasmus + K210: REACT za prihodnost \u2013 Biomimikrija in STEM za trajnostnost<\/strong><\/a><\/p>\n\n\n\n<p>Na\u0161a \u0161ola sodeluje v mednarodnem Erasmus+ projektu <em>REACT for Future \u2013 Biomimicry and STEM for Sustainability<\/em>, katerega glavni cilj je razvijati nove u\u010dne pristope na podro\u010dju naravoslovja in trajnostnega izobra\u017eevanja. Projekt zdru\u017euje tri partnerske dr\u017eave \u2013 Slovenijo, Tur\u010dijo in Francijo \u2013 ter povezuje u\u010ditelje, u\u010dence in STEM strokovnjake.<\/p>\n\n\n\n<p>Projekt poteka od 1. decembra 2025 do 1. 6. 2027 in je zasnovan v \u0161tirih glavnih sklopih aktivnosti.<\/p>\n\n\n\n<p>Prva aktivnost je <strong>delavnica o biomimikriji in okoljskem podjetni\u0161tvu<\/strong> v Franciji, namenjena u\u010diteljem in STEM strokovnjakom. Udele\u017eenci bodo raziskovali mo\u017enosti vklju\u010devanja biomimikrije v pouk ter skupaj oblikovali odprto dostopen digitalni u\u010dni komplet.<\/p>\n\n\n\n<p>Druga aktivnost je <strong>digitalni okoljski raziskovalni projekt in mednarodni teden mobilnosti u\u010dencev<\/strong> v Tur\u010diji. V njem bodo sodelovali u\u010denci, ki bodo s pomo\u010djo digitalnih orodij (GIS, AR, sateliti, senzorji) raziskovali okoljske izzive, izvajali meritve in predstavili rezultate na javnem dogodku.<\/p>\n\n\n\n<p>Tretja aktivnost bo izvedena v Sloveniji in bo potekala kot <strong>mednarodno u\u010denje v naravi<\/strong>. Osmo\u0161olci bodo raziskovali biotsko raznovrstnost, preizku\u0161ali metode biomimikrije in razvijali prototipe trajnostnih re\u0161itev s pomo\u010djo 3D modeliranja in digitalnih simulacij.<\/p>\n\n\n\n<p>Zaklju\u010dna aktivnost projekta bo <strong>Forum okoljskih inovacij<\/strong> v Franciji, kjer bodo predstavljeni dose\u017eki, raziskave in prakti\u010dne re\u0161itve. Forum bo zdru\u017eil u\u010ditelje, u\u010dence, strokovnjake in \u0161ir\u0161o javnost, z mo\u017enostjo fizi\u010dne in virtualne udele\u017ebe.<\/p>\n\n\n\n<p>Cilji projekta so:<\/p>\n\n\n\n<ul class=\"wp-block-list\">\n<li>krepitev kompetenc u\u010diteljev na podro\u010dju trajnostnega in digitalnega pou\u010devanja,<\/li>\n\n\n\n<li>razvoj interdisciplinarnih STEM u\u010dnih virov in odprto dostopnih gradiv,<\/li>\n\n\n\n<li>spodbujanje okoljske zavesti pri u\u010dencih ter razvoj kriti\u010dnega mi\u0161ljenja in inovativnosti,<\/li>\n\n\n\n<li>mednarodno sodelovanje in krepitev kulturne izmenjave.<\/li>\n<\/ul>\n\n\n\n<p>Projekt bo prispeval k sodobnej\u0161emu pouku naravoslovja, ve\u010dji digitalni pismenosti in trajnostnemu ozave\u0161\u010danju tako u\u010dencev kot \u0161ir\u0161e skupnosti.<\/p>\n\n\n\n<p>Koordinator projekta: Andrej Glasen\u010dnik<\/p>\n","protected":false},"excerpt":{"rendered":"<p>Erasmus + K210: REACT za prihodnost \u2013 Biomimikrija in STEM za trajnostnost Na\u0161a \u0161ola sodeluje v mednarodnem Erasmus+ projektu REACT for Future \u2013 Biomimicry and STEM for Sustainability, katerega glavni cilj je razvijati nove&#46;&#46;&#46;<\/p>\n","protected":false},"author":25249,"featured_media":0,"parent":0,"menu_order":0,"comment_status":"closed","ping_status":"closed","template":"","meta":{"ngg_post_thumbnail":0,"footnotes":""},"class_list":["post-9015","page","type-page","status-publish","hentry"],"_links":{"self":[{"href":"https:\/\/www.ospodgorje.si\/index.php?rest_route=\/wp\/v2\/pages\/9015","targetHints":{"allow":["GET"]}}],"collection":[{"href":"https:\/\/www.ospodgorje.si\/index.php?rest_route=\/wp\/v2\/pages"}],"about":[{"href":"https:\/\/www.ospodgorje.si\/index.php?rest_route=\/wp\/v2\/types\/page"}],"author":[{"embeddable":true,"href":"https:\/\/www.ospodgorje.si\/index.php?rest_route=\/wp\/v2\/users\/25249"}],"replies":[{"embeddable":true,"href":"https:\/\/www.ospodgorje.si\/index.php?rest_route=%2Fwp%2Fv2%2Fcomments&post=9015"}],"version-history":[{"count":1,"href":"https:\/\/www.ospodgorje.si\/index.php?rest_route=\/wp\/v2\/pages\/9015\/revisions"}],"predecessor-version":[{"id":9017,"href":"https:\/\/www.ospodgorje.si\/index.php?rest_route=\/wp\/v2\/pages\/9015\/revisions\/9017"}],"wp:attachment":[{"href":"https:\/\/www.ospodgorje.si\/index.php?rest_route=%2Fwp%2Fv2%2Fmedia&parent=9015"}],"curies":[{"name":"wp","href":"https:\/\/api.w.org\/{rel}","templated":true}]}}