{"id":593,"date":"2020-11-25T16:19:01","date_gmt":"2020-11-25T15:19:01","guid":{"rendered":"http:\/\/podgorjesg.splet.arnes.si\/?page_id=593"},"modified":"2025-10-01T17:43:56","modified_gmt":"2025-10-01T15:43:56","slug":"mobilnost","status":"publish","type":"page","link":"https:\/\/www.ospodgorje.si\/?page_id=593","title":{"rendered":"KOLESAR\u010cKI"},"content":{"rendered":"\n<p>Program Kolesar\u010dki je preventivni vzgojni program v cestnem prometu za najmlaj\u0161e.\u00a0<\/p>\n\n\n\n<p>Namen programa je otroke preko igre pou\u010diti, kako se vesti v prometnem okolju, da bi postali bolj previdni in vestni udele\u017eenci v prometu. Otroci so postavljeni v vlogo voznika tako, da do\u017eivljajo dogodke, kot jih opa\u017ea in zaznava voznik v pravem prometu. Otroci so postavljeni tudi v vlogo pe\u0161ca, ki mora pravilno pre\u010dkati prometno cesti\u0161\u010de na poligonu.<\/p>\n\n\n\n<p>Program je sestavljen iz teoreti\u010dnega in prakti\u010dnega dela. V kratkem teoreti\u010dnem delu se otroke seznani z osnovno kulturo v cestnem prometu, gibanjem ob cesti oziroma po prometnih povr\u0161inah, pre\u010dkanjem cesti\u0161\u010da, semaforjem in z nekaterimi prometnimi znaki ter njihovim pomenom.\u00a0<\/p>\n\n\n\n<p>Prakti\u010dni del se odvija na prometno urejenem poligonu, kjer je postavljenih ve\u010d kri\u017ei\u0161\u010d, prehodov za pe\u0161ce, prometnih znaki in semafor. Po poligonu se otroci popeljejo s \u0161tirikolesniki na pedala. Otrokom poligon pri\u010dara prave, resni\u010dne razmere v cestnem prometu. S programom Kolesar\u010dki se na\u0161i najmlaj\u0161i na zabaven nau\u010dijo osnovnega in pravilnega vedenja v prometu.<\/p>\n\n\n\n<p>Koordinator: Ur\u0161ka Malek<\/p>\n\n\n\n<p><\/p>\n","protected":false},"excerpt":{"rendered":"<p>Program Kolesar\u010dki je preventivni vzgojni program v cestnem prometu za najmlaj\u0161e.\u00a0 Namen programa je otroke preko igre pou\u010diti, kako se vesti v prometnem okolju, da bi postali bolj previdni in vestni udele\u017eenci v prometu.&#46;&#46;&#46;<\/p>\n","protected":false},"author":25249,"featured_media":0,"parent":0,"menu_order":0,"comment_status":"closed","ping_status":"closed","template":"","meta":{"ngg_post_thumbnail":0,"footnotes":""},"class_list":["post-593","page","type-page","status-publish","hentry"],"_links":{"self":[{"href":"https:\/\/www.ospodgorje.si\/index.php?rest_route=\/wp\/v2\/pages\/593","targetHints":{"allow":["GET"]}}],"collection":[{"href":"https:\/\/www.ospodgorje.si\/index.php?rest_route=\/wp\/v2\/pages"}],"about":[{"href":"https:\/\/www.ospodgorje.si\/index.php?rest_route=\/wp\/v2\/types\/page"}],"author":[{"embeddable":true,"href":"https:\/\/www.ospodgorje.si\/index.php?rest_route=\/wp\/v2\/users\/25249"}],"replies":[{"embeddable":true,"href":"https:\/\/www.ospodgorje.si\/index.php?rest_route=%2Fwp%2Fv2%2Fcomments&post=593"}],"version-history":[{"count":5,"href":"https:\/\/www.ospodgorje.si\/index.php?rest_route=\/wp\/v2\/pages\/593\/revisions"}],"predecessor-version":[{"id":9011,"href":"https:\/\/www.ospodgorje.si\/index.php?rest_route=\/wp\/v2\/pages\/593\/revisions\/9011"}],"wp:attachment":[{"href":"https:\/\/www.ospodgorje.si\/index.php?rest_route=%2Fwp%2Fv2%2Fmedia&parent=593"}],"curies":[{"name":"wp","href":"https:\/\/api.w.org\/{rel}","templated":true}]}}