{"id":591,"date":"2020-11-25T16:19:01","date_gmt":"2020-11-25T15:19:01","guid":{"rendered":"http:\/\/podgorjesg.splet.arnes.si\/?page_id=591"},"modified":"2025-10-01T17:42:19","modified_gmt":"2025-10-01T15:42:19","slug":"shema-szs","status":"publish","type":"page","link":"https:\/\/www.ospodgorje.si\/?page_id=591","title":{"rendered":"Shema \u0160SZ"},"content":{"rendered":"<div class=\"wp-block-image\">\n<figure class=\"aligncenter size-large is-resized\"><img loading=\"lazy\" decoding=\"async\" width=\"373\" height=\"235\" src=\"https:\/\/www.ospodgorje.si\/files\/2020\/12\/Shema.jpg\" alt=\"Opis: http:\/\/www.os-tabor.si\/portal\/images\/stories\/logotip_kul\/LOGO_sss.jpg\" class=\"wp-image-1265\" style=\"width:187px;height:118px\" srcset=\"https:\/\/www.ospodgorje.si\/files\/2020\/12\/Shema.jpg 373w, https:\/\/www.ospodgorje.si\/files\/2020\/12\/Shema-300x189.jpg 300w\" sizes=\"auto, (max-width: 373px) 100vw, 373px\" \/><\/figure>\n<\/div>\n\n\n<p><strong>PROJEKT SHEMA \u0160OLSKEGA SADJA IN ZELENJAVE<\/strong><\/p>\n\n\n\n<p>\u0160olska shema je ukrep skupne kmetijske politike EU, ki otrokom v \u0161oli zagotavlja brezpla\u010den dodatni obrok sadja in zelenjave ter mleka in mle\u010dnih izdelkov. Projekt spremljajo izobra\u017eevalni ukrepi, ki povezujejo otroke s kmetijstvom in spodbujajo zdravo prehranjevanje.<\/p>\n\n\n\n<p>Namen \u0161olske sheme je pove\u010dati u\u017eivanje sadja in zelenjave ter mleka in mle\u010dnih proizvodov pri otrocih s poudarkom na lokalni pridelavi ter izbolj\u0161ati prehranske navade otrok. Prehranske navade se oblikujejo v otro\u0161tvu, vzgojno-izobra\u017eevalne ustanove, kjer se izvaja ta shema, pa imajo pri tem velik pomen. \u0160olska shema naj bi pripomogla k ustavitvi nara\u0161\u010danja pojava prekomerne te\u017ee in debelosti pri otrocih, ki sta eden od ve\u010djih dejavnikov tveganja za bolezni sodobnega \u010dasa.<\/p>\n\n\n\n<p><br>Vodji projekta: \u017dan Krivec<\/p>\n\n\n\n<p><\/p>\n","protected":false},"excerpt":{"rendered":"<p>PROJEKT SHEMA \u0160OLSKEGA SADJA IN ZELENJAVE \u0160olska shema je ukrep skupne kmetijske politike EU, ki otrokom v \u0161oli zagotavlja brezpla\u010den dodatni obrok sadja in zelenjave ter mleka in mle\u010dnih izdelkov. Projekt spremljajo izobra\u017eevalni ukrepi,&#46;&#46;&#46;<\/p>\n","protected":false},"author":25249,"featured_media":0,"parent":0,"menu_order":0,"comment_status":"closed","ping_status":"closed","template":"","meta":{"ngg_post_thumbnail":0,"footnotes":""},"class_list":["post-591","page","type-page","status-publish","hentry"],"_links":{"self":[{"href":"https:\/\/www.ospodgorje.si\/index.php?rest_route=\/wp\/v2\/pages\/591","targetHints":{"allow":["GET"]}}],"collection":[{"href":"https:\/\/www.ospodgorje.si\/index.php?rest_route=\/wp\/v2\/pages"}],"about":[{"href":"https:\/\/www.ospodgorje.si\/index.php?rest_route=\/wp\/v2\/types\/page"}],"author":[{"embeddable":true,"href":"https:\/\/www.ospodgorje.si\/index.php?rest_route=\/wp\/v2\/users\/25249"}],"replies":[{"embeddable":true,"href":"https:\/\/www.ospodgorje.si\/index.php?rest_route=%2Fwp%2Fv2%2Fcomments&post=591"}],"version-history":[{"count":7,"href":"https:\/\/www.ospodgorje.si\/index.php?rest_route=\/wp\/v2\/pages\/591\/revisions"}],"predecessor-version":[{"id":9010,"href":"https:\/\/www.ospodgorje.si\/index.php?rest_route=\/wp\/v2\/pages\/591\/revisions\/9010"}],"wp:attachment":[{"href":"https:\/\/www.ospodgorje.si\/index.php?rest_route=%2Fwp%2Fv2%2Fmedia&parent=591"}],"curies":[{"name":"wp","href":"https:\/\/api.w.org\/{rel}","templated":true}]}}