{"id":577,"date":"2020-11-25T16:19:01","date_gmt":"2020-11-25T15:19:01","guid":{"rendered":"http:\/\/podgorjesg.splet.arnes.si\/?page_id=577"},"modified":"2025-10-01T17:41:06","modified_gmt":"2025-10-01T15:41:06","slug":"spirit","status":"publish","type":"page","link":"https:\/\/www.ospodgorje.si\/?page_id=577","title":{"rendered":"SPIRIT"},"content":{"rendered":"<div class=\"wp-block-image\">\n<figure class=\"aligncenter size-large\"><img loading=\"lazy\" decoding=\"async\" width=\"174\" height=\"68\" src=\"https:\/\/www.ospodgorje.si\/files\/2020\/12\/SPIRIT-1.jpg\" alt=\"\" class=\"wp-image-1227\" \/><\/figure>\n<\/div>\n\n<div class=\"wp-block-image\">\n<figure class=\"aligncenter size-large\"><img loading=\"lazy\" decoding=\"async\" width=\"314\" height=\"68\" src=\"https:\/\/www.ospodgorje.si\/files\/2020\/12\/SPIRIT-2.jpg\" alt=\"\" class=\"wp-image-1229\" srcset=\"https:\/\/www.ospodgorje.si\/files\/2020\/12\/SPIRIT-2.jpg 314w, https:\/\/www.ospodgorje.si\/files\/2020\/12\/SPIRIT-2-300x65.jpg 300w\" sizes=\"auto, (max-width: 314px) 100vw, 314px\" \/><\/figure>\n<\/div>\n\n\n<p><strong>PROJEKTNA AKTIVNOST \u00bbZ ustvarjalnostjo in inovativnostjo do podjetnosti\u00ab<\/strong><\/p>\n\n\n\n<p>Javna agencija SPIRIT Slovenija (pod okriljem Ministrstva za gospodarski razvoj in tehnologijo) je v okviru programa MLADIM SE DOGAJA povabila k sodelovanju osnovne \u0161ole pri razvoju kompetenc mladih s podro\u010dja ustvarjalnosti, podjetnosti in inovativnosti. Na podlagi uspe\u0161ne prijavne vloge v \u0161olskem letu 2023\/24 sodeluje tudi O\u0160 Podgorje pri SG z izbrano skupino u\u010dencev.<\/p>\n\n\n\n<p>V okviru projekta bodo u\u010denci s pomo\u010djo mentorjev na inovativen na\u010din ustvarjali in razvijali ideje ter krepili kompetence podjetnosti in podjetni\u0161tva. Za sodelovanje pri aktivnosti smo se dogovorili z direktorico Podjetni\u0161kega centra Slovenj Gradec, Evo \u0160traser, katera nam bo pomagala pri vzpostavljanju sodelovanja s podjetniki na tem podro\u010dju.<\/p>\n\n\n\n<p>Vodja projekta: Sandi Borovnik<\/p>\n\n\n\n<p><\/p>\n\n\n\n<p class=\"has-black-color has-text-color has-link-color wp-elements-26136816c7e7bae12f1199d0f01ea302\"><strong><a>PROJEKTNA AKTIVNOST \u00bb<\/a>Startup vikend &#8211; Izvajanje vikend aktivnosti za spodbujanje razvoja lastne ideje mladih ali za re\u0161evanje izzivov podjetij ali drugih organizacij s strani mladih\u00ab<\/strong><\/p>\n\n\n\n<p>Organizatorji vikenda bodo predstavili cilje in potek dogodka. U\u010denci bodo spoznali problem, s katerim se bodo ukvarjali med vikendom. Skozi voden proces generiranja idej bodo ustvarili razli\u010dne re\u0161itve za obravnavani problem. U\u010denci bodo predstavili svoje ideje vsem prisotnim. Po predstavitvah bodo izbrani najbolj\u0161i koncepti, nato pa se bodo u\u010denci razdelili v ekipe glede na njihove interese in ve\u0161\u010dine. Ekipe bodo pod \u010dasovnim pritiskom nadaljevale razvoj svojih idej in oblikovale prototipe ali na\u010drte za re\u0161itev problema. Mentorji bodo na voljo za pomo\u010d in svetovanje pri razvoju. Vse ekipe bodo predstavile svoje ideje preostalim ekipam in mentorjem. Po predstavitvah bo sledila razglasitev zmagovalne ekipe in zaklju\u010dek vikenda.<\/p>\n\n\n\n<p>Vodja projekta: Sandi Borovnik<\/p>\n\n\n\n<p><\/p>\n","protected":false},"excerpt":{"rendered":"<p>PROJEKTNA AKTIVNOST \u00bbZ ustvarjalnostjo in inovativnostjo do podjetnosti\u00ab Javna agencija SPIRIT Slovenija (pod okriljem Ministrstva za gospodarski razvoj in tehnologijo) je v okviru programa MLADIM SE DOGAJA povabila k sodelovanju osnovne \u0161ole pri razvoju&#46;&#46;&#46;<\/p>\n","protected":false},"author":25249,"featured_media":0,"parent":0,"menu_order":0,"comment_status":"closed","ping_status":"closed","template":"","meta":{"ngg_post_thumbnail":0,"footnotes":""},"class_list":["post-577","page","type-page","status-publish","hentry"],"_links":{"self":[{"href":"https:\/\/www.ospodgorje.si\/index.php?rest_route=\/wp\/v2\/pages\/577","targetHints":{"allow":["GET"]}}],"collection":[{"href":"https:\/\/www.ospodgorje.si\/index.php?rest_route=\/wp\/v2\/pages"}],"about":[{"href":"https:\/\/www.ospodgorje.si\/index.php?rest_route=\/wp\/v2\/types\/page"}],"author":[{"embeddable":true,"href":"https:\/\/www.ospodgorje.si\/index.php?rest_route=\/wp\/v2\/users\/25249"}],"replies":[{"embeddable":true,"href":"https:\/\/www.ospodgorje.si\/index.php?rest_route=%2Fwp%2Fv2%2Fcomments&post=577"}],"version-history":[{"count":8,"href":"https:\/\/www.ospodgorje.si\/index.php?rest_route=\/wp\/v2\/pages\/577\/revisions"}],"predecessor-version":[{"id":9008,"href":"https:\/\/www.ospodgorje.si\/index.php?rest_route=\/wp\/v2\/pages\/577\/revisions\/9008"}],"wp:attachment":[{"href":"https:\/\/www.ospodgorje.si\/index.php?rest_route=%2Fwp%2Fv2%2Fmedia&parent=577"}],"curies":[{"name":"wp","href":"https:\/\/api.w.org\/{rel}","templated":true}]}}