{"id":383,"date":"2020-11-24T23:43:16","date_gmt":"2020-11-24T22:43:16","guid":{"rendered":"http:\/\/podgorjesg.splet.arnes.si\/?page_id=383"},"modified":"2025-10-01T12:07:52","modified_gmt":"2025-10-01T10:07:52","slug":"kadrovska-zasedba","status":"publish","type":"page","link":"https:\/\/www.ospodgorje.si\/?page_id=383","title":{"rendered":"Kadrovska zasedba"},"content":{"rendered":"\n<p><strong><em>Osnovna \u0161ola Podgorje pri Slovenj Gradcu<\/em> &#8211; 2024\/25<\/strong><\/p>\n\n\n\n<figure class=\"wp-block-table\"><table><tbody><tr><td><strong>Ime in priimek<\/strong><\/td><td><strong>Delo, ki ga opravlja.<\/strong><\/td><\/tr><tr><td><a href=\"mailto:andreja.polc@ospodgorje.si\" data-type=\"mailto\" data-id=\"mailto:andreja.polc@ospodgorje.si\">Andreja Polc<\/a><\/td><td>1. razred<\/td><\/tr><tr><td><a href=\"mailto:mateja.jontes-kavnik@ospodgorje.si\" data-type=\"mailto\" data-id=\"mailto:mateja.jontes-kavnik@ospodgorje.si\">Mateja Jontes Kavnik<\/a><\/td><td>RAP<\/td><\/tr><tr><td><a href=\"mailto:andreja.triplat@ospodgorje.si\" data-type=\"mailto\" data-id=\"mailto:andreja.triplat@ospodgorje.si\">Andreja Triplat<\/a><\/td><td>6. razred (SLJ, MAT, GOS), RAP, DSP<\/td><\/tr><tr><td><a href=\"mailto:vesna.osp@ospodgorje.si\" data-type=\"mailto\" data-id=\"mailto:vesna.osp@ospodgorje.si\">Vesna \u010cu\u010dek<\/a><\/td><td>4. razred, SLJ, MAT, NIT, GUM, LUM, DRU, \u0160PO<\/td><\/tr><tr><td><a href=\"mailto:nina.kristofelc@ospodgorje.si\" data-type=\"mailto\" data-id=\"mailto:nina.kristofelc@ospodgorje.si\">Valerija Nina Kri\u0161tofelc<\/a><\/td><td>3. razred, SLJ, MAT, SPO, LUM, \u0160PO<\/td><\/tr><tr><td><a href=\"mailto:klavdija.sonjak@ospodgorje.si\" data-type=\"mailto\" data-id=\"mailto:klavdija.sonjak@ospodgorje.si\">Klavdija Sonjak<\/a><\/td><td>RAP<\/td><\/tr><tr><td><a href=\"mailto:irena.rubin-smolar@ospodgorje.si\" data-type=\"mailto\" data-id=\"mailto:irena.rubin-smolar@ospodgorje.si\">Irena Rubin Smolar<\/a><\/td><td>knji\u017enica, obvezni izbirni predmet nem\u0161\u010dina, RAP<\/td><\/tr><tr><td>Alenka Kralj<\/td><td>KEM 8, 9<\/td><\/tr><tr><td><a href=\"mailto:helena.korat@ospodgorje.si\" data-type=\"mailto\" data-id=\"mailto:helena.korat@ospodgorje.si\">Helena Korat<\/a><\/td><td>SLJ 7, 8, 9, RAP<\/td><\/tr><tr><td><a href=\"mailto:peter.valtl@ospodgorje.si\" data-type=\"mailto\" data-id=\"mailto:peter.valtl@ospodgorje.si\">Peter Valtl<\/a><\/td><td>LUM 6, 7, 8, 9, LS, RAP, GUM 5, GUM 3<\/td><\/tr><tr><td><a href=\"mailto:anton.drevensek@ospodgorje.si\" data-type=\"mailto\" data-id=\"mailto:anton.drevensek@ospodgorje.si\">Anton Dreven\u0161ek&nbsp;<\/a><\/td><td>\u0160PO 5, 6, 7, 8, 9, \u0160ZS, I\u0160P, \u0160ZZ, RAP<\/td><\/tr><tr><td><a href=\"mailto:alenka.lesjak@ospodgorje.si\" data-type=\"mailto\" data-id=\"mailto:alenka.lesjak@ospodgorje.si\">Alenka Lesjak<\/a><\/td><td>TJA 6, 7, 8, 9; RAP, DSP<\/td><\/tr><tr><td>Sta\u0161a Skarlovnik<\/td><td>GUM 6, 7, 8, 9, RAP<\/td><\/tr><tr><td><a href=\"mailto:janja.lahovnik-triplat@ospodgorje.si\" data-type=\"mailto\" data-id=\"mailto:janja.lahovnik-triplat@ospodgorje.si\">Janja Lahovnik&nbsp;Triplat<\/a><\/td><td>2. razred SLJ, MAT, SPO, GUM, LUM, \u0160PO, RAP<\/td><\/tr><tr><td><a href=\"mailto:tanja.glasencnik@ospodgorje.si\" data-type=\"mailto\" data-id=\"mailto:tanja.glasencnik@ospodgorje.si\">Tanja Glasen\u010dnik<\/a><\/td><td>svetovalno delo, RAP, DSP<\/td><\/tr><tr><td><a href=\"mailto:majda.tamse-horvat@ospodgorje.si\" data-type=\"mailto\" data-id=\"mailto:majda.tamse-horvat@ospodgorje.si\">mag. Majda Tam\u0161e Horvat<\/a><\/td><td>RAP&nbsp;<\/td><\/tr><tr><td><a href=\"mailto:andrej.glasencnik@ospodgorje.si\" data-type=\"mailto\" data-id=\"mailto:andrej.glasencnik@aljosalospodgorje.si\">Andrej Glasen\u010dnik<\/a><\/td><td>ZGO 6, 7, 8, 9, GEO 6, 7, 8, 9, DKE 7, 8, ra\u010dunalnikar, izbirni predmet okoljska vzgoja<\/td><\/tr><tr><td><a href=\"mailto:sandi.borovnik@ospodgorje.si\" data-type=\"mailto\" data-id=\"mailto:sandi.borovnik@ospodgorje.si\">Sandi Borovnik<\/a><\/td><td>tajnik, RAP<\/td><\/tr><tr><td><a href=\"mailto:urska.malek@ospodgorje.si\" data-type=\"mailto\" data-id=\"mailto:urska.malek@ospodgorje.si\">Ur\u0161ka Malek<\/a><\/td><td>SLJ 5, MAT 5, DRU 5, NIT 5, LUM 5, GOS 5, RAP kolesarski izpit, RAP, ra\u010dunalni\u010dar<\/td><\/tr><tr><td><a href=\"mailto:mateja.keber@ospodgorje.si\" data-type=\"mailto\" data-id=\"mailto:mateja.keber@ospodgorje.si\">Mateja Keber<\/a><\/td><td>TJA 1, 2, 3, 4, 5<\/td><\/tr><tr><td><a href=\"mailto:aida.halilic@ospodgorje.si\" data-type=\"mailto\" data-id=\"mailto:aida.halilic@ospodgorje.si\">Aida Halili\u0107<\/a><\/td><td>TIT 6, 7, 8, OGL, NAR 6, 7, BIO 8, 9, RAP, laborant<\/td><\/tr><tr><td><a href=\"mailto:karin.sirovina-dvornik@ospodgorje.si\" data-type=\"mailto\" data-id=\"mailto:karin.sirovina-dvornik@ospodgorje.si\">Karin Sirovina Dvornik<\/a><\/td><td>FIZ 8, 9, MAT 7, 8, 9, RAP<\/td><\/tr><tr><td><a href=\"mailto:lucija.stamulak@ospodgorje.si\" data-type=\"mailto\" data-id=\"mailto:lucija.stamulak@ospodgorje.si\">Lucija \u0160tamulak<\/a><\/td><td>knji\u017enica, RAP<\/td><\/tr><tr><td>Nata\u0161a Knuple\u017e<\/td><td>RAP<\/td><\/tr><\/tbody><\/table><\/figure>\n\n\n\n<p><strong>Poslovno-tehni\u010dni sektor in drugi<\/strong><\/p>\n\n\n\n<figure class=\"wp-block-table\"><table><tbody><tr><td><strong>Ime in priimek<\/strong><\/td><td><strong>Delo, ki ga opravlja.<\/strong><\/td><\/tr><tr><td>Natalija Kri\u017eaj<\/td><td>za\u010dasni spremljevalec<\/td><\/tr><tr><td>Tina \u0160mon<\/td><td>za\u010dasni spremljevalec<\/td><\/tr><tr><td>Jan Vranjek<\/td><td>za\u010dasni spremljevalec<\/td><\/tr><tr><td>Jerica Vi\u017eintin<\/td><td>za\u010dasni spremljevalec<\/td><\/tr><tr><td>Ana O\u0161lovnik<\/td><td>za\u010dasni spremljevalec<\/td><\/tr><tr><td>Anka Vi\u017eintin<\/td><td>ra\u010dunovodja, tajnik<\/td><\/tr><tr><td>Sandi Borovnik Kristina Siherle<\/td><td>tajnik<\/td><\/tr><tr><td>Biserka Rutnik<\/td><td>kuharica<\/td><\/tr><tr><td>\u017dan Krivec<\/td><td>gospodinjec<\/td><\/tr><tr><td>Irena Repnik<\/td><td>kuharica<\/td><\/tr><tr><td>Vlado Korat<\/td><td>hi\u0161nik<\/td><\/tr><tr><td>Marija \u010cerenak<\/td><td>kuharica, \u010distilka<\/td><\/tr><tr><td>Maksimiljana Blatnik<\/td><td>\u010distilka<\/td><\/tr><tr><td>Valerija Hudej<\/td><td>\u010distilka<\/td><\/tr><tr><td>Kristina Siherle<\/td><td>\u010distilka<\/td><\/tr><tr><td><a href=\"mailto:klavdija.sonjak@ospodgorje.si\" data-type=\"mailto\" data-id=\"mailto:klavdija.sonjak@ospodgorje.si\">Klavdija Sonjak<\/a><\/td><td>pomo\u010dnik ravnatelja<\/td><\/tr><tr><td><a href=\"mailto:aljosa.lavrinsek@ospodgorje.si\" data-type=\"mailto\" data-id=\"mailto:aljosa.lavrinsek@ospodgorje.si\">Aljo\u0161a Lavrin\u0161ek<\/a><\/td><td>ravnatelj<\/td><\/tr><\/tbody><\/table><\/figure>\n","protected":false},"excerpt":{"rendered":"<p>Osnovna \u0161ola Podgorje pri Slovenj Gradcu &#8211; 2024\/25 Ime in priimek Delo, ki ga opravlja. Andreja Polc 1. razred Mateja Jontes Kavnik RAP Andreja Triplat 6. razred (SLJ, MAT, GOS), RAP, DSP Vesna \u010cu\u010dek&#46;&#46;&#46;<\/p>\n","protected":false},"author":25249,"featured_media":0,"parent":0,"menu_order":0,"comment_status":"closed","ping_status":"closed","template":"","meta":{"ngg_post_thumbnail":0,"footnotes":""},"class_list":["post-383","page","type-page","status-publish","hentry"],"_links":{"self":[{"href":"https:\/\/www.ospodgorje.si\/index.php?rest_route=\/wp\/v2\/pages\/383","targetHints":{"allow":["GET"]}}],"collection":[{"href":"https:\/\/www.ospodgorje.si\/index.php?rest_route=\/wp\/v2\/pages"}],"about":[{"href":"https:\/\/www.ospodgorje.si\/index.php?rest_route=\/wp\/v2\/types\/page"}],"author":[{"embeddable":true,"href":"https:\/\/www.ospodgorje.si\/index.php?rest_route=\/wp\/v2\/users\/25249"}],"replies":[{"embeddable":true,"href":"https:\/\/www.ospodgorje.si\/index.php?rest_route=%2Fwp%2Fv2%2Fcomments&post=383"}],"version-history":[{"count":14,"href":"https:\/\/www.ospodgorje.si\/index.php?rest_route=\/wp\/v2\/pages\/383\/revisions"}],"predecessor-version":[{"id":8989,"href":"https:\/\/www.ospodgorje.si\/index.php?rest_route=\/wp\/v2\/pages\/383\/revisions\/8989"}],"wp:attachment":[{"href":"https:\/\/www.ospodgorje.si\/index.php?rest_route=%2Fwp%2Fv2%2Fmedia&parent=383"}],"curies":[{"name":"wp","href":"https:\/\/api.w.org\/{rel}","templated":true}]}}