{"id":1910,"date":"2021-10-18T11:35:09","date_gmt":"2021-10-18T09:35:09","guid":{"rendered":"https:\/\/podgorjesg.splet.arnes.si\/?page_id=1910"},"modified":"2022-06-27T15:07:44","modified_gmt":"2022-06-27T13:07:44","slug":"o-podgorju","status":"publish","type":"page","link":"https:\/\/www.ospodgorje.si\/?page_id=1910","title":{"rendered":"O Podgorju"},"content":{"rendered":"\n<p>PREDSTAVITEV DOMA\u010cEGA KRAJA \u2013 PODGORJE PRI SLOVENJ GRADCU<\/p>\n\n\n\n<p><a rel=\"noreferrer noopener\" href=\"https:\/\/www.youtube.com\/watch?v=6t8-hHtDHmg\" target=\"_blank\"><strong>Video posnetek iz zraka<\/strong><\/a><\/p>\n\n\n\n<p>Podgorje je strnjeno naselje v Mislinjski dolini, ki spada v Mestno ob\u010dino Slovenj Gradec. Je srednje velika vas z okoli 1000 prebivalci in je od bli\u017enjega mesta oddaljena pribli\u017eno 4 km. Le\u017ei na nadmorski vi\u0161ini 444,6 m pod vzno\u017ejem Ur\u0161lje gore, zato tudi ime Pod-gorje. Vas se deli na Srednjo, Zgornjo, Spodnjo in \u017dabjo vas ter Sredme in Preseko.<\/p>\n\n\n\n<p>Kraj so v\u010dasih imenovali Podgorca, nekateri doma\u010dini poimenovanje \u0161e danes ohranjajo. Tudi \u0161ola se je imenovala Osnovna \u0161ola Podgorca. Leta 1992 je bila preimenovana v Osnovno \u0161olo Podgorje pri Slovenj Gradcu.<\/p>\n\n\n\n<p>V Podgorju prevladuje neenakomerno povr\u0161je. Opazimo nekaj gri\u010dev, hribov in tudi ravninski svet. Prevladuje vla\u017eno gorsko celinsko podnebje (topla poletja, mile in hladne zime). Najve\u010d padavin pade v poletnih mesecih (plohe, nevihte, to\u010da). Pogosto zaznamo temperaturni obrat (kraji na dnu dolin imajo v zimskih mesecih ni\u017eje temperature kot kraji v vi\u0161jih legah, \u0161e posebej kadar so doline zamegljene). Poleti pa je ravno obratno.<\/p>\n\n\n\n<p>Skozi vas te\u010de reka Suhodolnica, ki prite\u010de iz doline Suhi Dol, in ve\u010d manj\u0161ih potokov, ki se vanjo izlivajo; med ve\u010djima sta potoka Sredm\u0161nica in Jenina. V obmo\u010dju slikovite soteske Ka\u0161tel, vzporedne doline Suhodola, od koder se pripeljemo v Razbor in pod Ur\u0161ljo goro, je Suhodolnica izredno \u010dista, zato ti kraji predstavljajo podro\u010dje vodnih virov za slovenjgra\u0161ki vodovodni sistem. Neko\u010d je bila Suhodolnica, ki ve\u010dinoma te\u010de po apnen\u010dastih, kamnitih tleh (zato tudi ve\u010dkrat ponikne), potok, sedaj pa je reka, ki se v Starem trgu izlije v reko Mislinjo.<\/p>\n\n\n\n<p>Podgorje spada pod Vzhodne Karavanke. Prevladujejo apnenec, glina in melj. Apnen\u010dasta tla omogo\u010dajo ponikanje vode, zato je dolina nad doma\u010dijo Suhodolnik obi\u010dajno suha. Tla so rodovitna in primerna za kmetijstvo. Kjer so strmine, je prst plitva in rjave barve.<\/p>\n\n\n\n<p>Zaradi ugodne lege in dobrih pogojev za kmetovanje je bil kraj naseljen \u017ee v srednjem veku. Prvo omembo vasi je zaslediti \u017ee 1394. leta. Kraj se je za\u010del razvijati v 18. in 19. stoletju. Ljudje so se ukvarjali z doma\u010do obrtjo (lon\u010darstvo, mlinarstvo), lesno trgovino (\u0161tevilne \u017eage), tovorni\u0161tvom in gostilnami za furmane. Do danes se je ohranila elektrarna z eno najstarej\u0161ih turbin pri nas, nekateri mlini (Pop\u010dev mlin, Ple\u0161iv\u0161ki mlin) in \u017eage (Hru\u0161i\u010deva \u017eaga).<\/p>\n\n\n\n<p>V Podgorju je veliko kmetijskih povr\u0161in (travniki, pa\u0161niki, njive, sadovnjaki), zato se doma\u010dini ukvarjajo s kmetijstvom. Prevladujejo \u017eivinoreja (govedoreja), poljedelstvo (hmelj, \u017eita, koruza, krompir), v zadnjem \u010dasu se razvijajo tudi ekolo\u0161ke kmetije in dopolnilne dejavnosti na kmetijah (pridelava mleka in mle\u010dnih izdelkov, zelenjave, peka kru\u0161nih dobrot in peciva). Doma\u010dini se ukvarjajo tudi z lesarstvom in gozdarstvom. Bogat gozd je pora\u0161\u010den z bukvijo, smreko, macesnom, jelko, borom, lesko, grmi\u010devjem in tudi z lipo. Mnogi Podgor\u010dani so zaposleni v bli\u017enjih mestih.<\/p>\n\n\n\n<p>Gozdovi pod Ple\u0161iv\u0161ko kopo predstavljajo zanimiv in bogat lovski revir (opazimo lahko srnjad, muflone, gamse, planinske zajce, kune, divje ma\u010dke, divje peteline, ru\u0161evce, krokarje, divje pra\u0161i\u010de, ob\u010dasno tudi damjake in medvede) ter nudijo lepe razglede na Mislinjsko dolino, Slovenjgra\u0161ko kotlino in s tem omogo\u010dajo atraktivne mo\u017enosti za pohodni\u0161tvo. Najbolj znana pohodni\u0161ka pot je \u0161olska kro\u017ena u\u010dna pot Zelena pot z zgodbo od Podgorja do Wiederdriesa, ki se pri\u010dne pri \u0161oli in vodi vse do razvalin gradu Vodri\u017e (Wiederdries) \u2013 spomenika najvi\u0161jega dr\u017eavnega pomena. Po delu nove poti je speljana tudi pred ve\u010d desetletji ustanovljena Pu\u0161\u010davnikova pot. Mimo Podgorja in naprej proti Spodnjemu Razborju vodi znana Koro\u0161ka romarska pot \u2013 Benediktova pot. Iz Podgorja mimo Vodri\u017ea pa je trasirana tudi mednarodna Evropska pe\u0161pot E6. Za dalj\u0161e pohode veliko va\u0161\u010danov obi\u0161\u010de Ur\u0161ljo goro (Ur\u0161ko), Ka\u0161tel, cerkev Svetega Duha, Ple\u0161iv\u0161ko kopo in Kozji hrbet, Gra\u0161ko Goro, Pohorje; to so ene izmed najbolj znanih vzpetin v bli\u017eini Podgorja. Na Kova\u010devem in Lutrovem bregu se predvsem v zimskem \u010dasu radi zadr\u017eujejo otroci, saj se tam \u017ee od nekdaj radi sankajo in svoj kraj opazujejo iz pti\u010dje perspektive.<\/p>\n\n\n\n<p>V sredi\u0161\u010du vasi je cerkev Svetega Urha (Urlika), osnovna \u0161ola, vrtec, manj\u0161a trgovina, kulturni dom, v katerem se odvijajo proslave, vaje in v\u010dasih predstave, in gasilski dom. V kraju sta znani gostilni z dolgoletno tradicijo, Rogina in Kova\u010d ter bar TNT.<\/p>\n\n\n\n<p>V Podgorju so se vse do danes ohranile nekatere \u0161ege in navade: furmanski praznik, praznovanje va\u0161ke skupnosti in teden \u0161porta, obele\u017eitev lepe nedelje Sv. Urha, Florijanove nedelje, cvetne nedelje, praznik svetih treh kraljev.<\/p>\n\n\n\n<p>Zapisala: mag. Majda Tam\u0161e Horvat<\/p>\n\n\n\n<p>Viri:<\/p>\n\n\n\n<p>&#8211; S. Berzelak in K. Zajc Berzelak. (1992).V<em>odnik po Mislinjski dolini<\/em>. Slovenj Gradec: Izvr\u0161ni svet skup\u0161\u010dine ob\u010dine Slovenj Gradec.<\/p>\n\n\n\n<p>&#8211; S. Berzelak in K. Zajc Berzelak. (2005). <em>Slovenj Gradec in Mislinjska dolina<\/em>. Slovenj Gradec: Mestna ob\u010dina Slovenj Gradec in Ob\u010dina Mislinja.<\/p>\n\n\n\n<p>&#8211; T. Turi\u010dnik idr. (1992). <em>Slovenj Gradec in Mislinjska dolina<\/em>. Slovenj Gradec: Galerija N. Kolar, d.o.o.<\/p>\n\n\n\n<p><a href=\"http:\/\/www.ospodgorje.si\/OSPodgorje\/index-nov-high-res.html\">http:\/\/www.ospodgorje.si\/OSPodgorje\/index-nov-high-res.html<\/a> (Pridobljeno, 4. 2. 2021)<\/p>\n\n\n\n<p><a href=\"https:\/\/sl.wikipedia.org\/wiki\/Podgorje,_Slovenj_Gradec\">https:\/\/sl.wikipedia.org\/wiki\/Podgorje,_Slovenj_Gradec<\/a> (Pridobljeno, 5. 2. 2021)<\/p>\n\n\n\n<p><a href=\"http:\/\/www.geopedia.si\/#T13_F410:10132487_x505137.15599999996_y145761.1015_s13_b4\">http:\/\/www.geopedia.si\/#T13_F410:10132487_x505137.15599999996_y145761.1015_s13_b4<\/a> (Pridobljeno 10. 2. 2021)<\/p>\n\n\n\n<p><a href=\"http:\/\/www.zgs.si\/obmocne_enote\/slovenj_gradec\/gozdne_ucne_poti\/index.html\">http:\/\/www.zgs.si\/obmocne_enote\/slovenj_gradec\/gozdne_ucne_poti\/index.html<\/a> (Pridobljeno, 11. 2. 2021)<\/p>\n\n\n\n<p><a href=\"https:\/\/www.slovenjgradec.si\/Mestna-ob%C4%8Dina\/Va%C5%A1ke-skupnosti\/VS-Podgorje\">https:\/\/www.slovenjgradec.si\/Mestna-ob%C4%8Dina\/Va%C5%A1ke-skupnosti\/VS-Podgorje<\/a> (Pridobljeno, 12. 2. 2021)<\/p>\n\n\n\n<p><a href=\"http:\/\/vnaravi.si\/karavanke-po-visini\/615m-grad-vodriz\">http:\/\/vnaravi.si\/karavanke-po-visini\/615m-grad-vodriz<\/a> (Pridobljeno, 12. 2. 2021)<\/p>\n\n\n\n<p>&#8211; Ustni viri (Vinko Lenart, Anton Skrivarnik, Miha Kavnik, Bernard Belovi\u010d, Marica Umek).<\/p>\n","protected":false},"excerpt":{"rendered":"<p>PREDSTAVITEV DOMA\u010cEGA KRAJA \u2013 PODGORJE PRI SLOVENJ GRADCU Video posnetek iz zraka Podgorje je strnjeno naselje v Mislinjski dolini, ki spada v Mestno ob\u010dino Slovenj Gradec. Je srednje velika vas z okoli 1000 prebivalci&#46;&#46;&#46;<\/p>\n","protected":false},"author":25249,"featured_media":0,"parent":0,"menu_order":0,"comment_status":"closed","ping_status":"closed","template":"","meta":{"ngg_post_thumbnail":0,"footnotes":""},"class_list":["post-1910","page","type-page","status-publish","hentry"],"_links":{"self":[{"href":"https:\/\/www.ospodgorje.si\/index.php?rest_route=\/wp\/v2\/pages\/1910","targetHints":{"allow":["GET"]}}],"collection":[{"href":"https:\/\/www.ospodgorje.si\/index.php?rest_route=\/wp\/v2\/pages"}],"about":[{"href":"https:\/\/www.ospodgorje.si\/index.php?rest_route=\/wp\/v2\/types\/page"}],"author":[{"embeddable":true,"href":"https:\/\/www.ospodgorje.si\/index.php?rest_route=\/wp\/v2\/users\/25249"}],"replies":[{"embeddable":true,"href":"https:\/\/www.ospodgorje.si\/index.php?rest_route=%2Fwp%2Fv2%2Fcomments&post=1910"}],"version-history":[{"count":3,"href":"https:\/\/www.ospodgorje.si\/index.php?rest_route=\/wp\/v2\/pages\/1910\/revisions"}],"predecessor-version":[{"id":2451,"href":"https:\/\/www.ospodgorje.si\/index.php?rest_route=\/wp\/v2\/pages\/1910\/revisions\/2451"}],"wp:attachment":[{"href":"https:\/\/www.ospodgorje.si\/index.php?rest_route=%2Fwp%2Fv2%2Fmedia&parent=1910"}],"curies":[{"name":"wp","href":"https:\/\/api.w.org\/{rel}","templated":true}]}}