{"id":1817,"date":"2021-10-02T10:04:46","date_gmt":"2021-10-02T08:04:46","guid":{"rendered":"https:\/\/podgorjesg.splet.arnes.si\/?page_id=1817"},"modified":"2025-10-01T17:34:46","modified_gmt":"2025-10-01T15:34:46","slug":"nacionalno-preverjanje-znanja","status":"publish","type":"page","link":"https:\/\/www.ospodgorje.si\/?page_id=1817","title":{"rendered":"NACIONALNO PREVERJANJE ZNANJA"},"content":{"rendered":"\n<figure class=\"wp-block-table is-style-stripes\"><table class=\"has-fixed-layout\"><tbody><tr><td>ponedeljek, 23. 3. 2026<\/td><td>sloven\u0161\u010dina 3., 6., in 9. razred<\/td><\/tr><tr><td>sreda, 25. 3. 2026<\/td><td>tuji jezik (angle\u0161\u010dina) \u2212 6. razred<\/td><\/tr><tr><td>sreda, 25. 3. 2026<\/td><td>tretji predmet (angle\u0161\u010dina) \u2212 9. razred<\/td><\/tr><tr><td>torek, 31. 3. 2026<\/td><td>matematika \u2212 3., 6. in 9. razred<\/td><\/tr><\/tbody><\/table><\/figure>\n\n\n\n<p><\/p>\n","protected":false},"excerpt":{"rendered":"<p>ponedeljek, 23. 3. 2026 sloven\u0161\u010dina 3., 6., in 9. razred sreda, 25. 3. 2026 tuji jezik (angle\u0161\u010dina) \u2212 6. razred sreda, 25. 3. 2026 tretji predmet (angle\u0161\u010dina) \u2212 9. razred torek, 31. 3. 2026&#46;&#46;&#46;<\/p>\n","protected":false},"author":25249,"featured_media":0,"parent":0,"menu_order":0,"comment_status":"closed","ping_status":"closed","template":"","meta":{"ngg_post_thumbnail":0,"footnotes":""},"class_list":["post-1817","page","type-page","status-publish","hentry"],"_links":{"self":[{"href":"https:\/\/www.ospodgorje.si\/index.php?rest_route=\/wp\/v2\/pages\/1817","targetHints":{"allow":["GET"]}}],"collection":[{"href":"https:\/\/www.ospodgorje.si\/index.php?rest_route=\/wp\/v2\/pages"}],"about":[{"href":"https:\/\/www.ospodgorje.si\/index.php?rest_route=\/wp\/v2\/types\/page"}],"author":[{"embeddable":true,"href":"https:\/\/www.ospodgorje.si\/index.php?rest_route=\/wp\/v2\/users\/25249"}],"replies":[{"embeddable":true,"href":"https:\/\/www.ospodgorje.si\/index.php?rest_route=%2Fwp%2Fv2%2Fcomments&post=1817"}],"version-history":[{"count":5,"href":"https:\/\/www.ospodgorje.si\/index.php?rest_route=\/wp\/v2\/pages\/1817\/revisions"}],"predecessor-version":[{"id":9005,"href":"https:\/\/www.ospodgorje.si\/index.php?rest_route=\/wp\/v2\/pages\/1817\/revisions\/9005"}],"wp:attachment":[{"href":"https:\/\/www.ospodgorje.si\/index.php?rest_route=%2Fwp%2Fv2%2Fmedia&parent=1817"}],"curies":[{"name":"wp","href":"https:\/\/api.w.org\/{rel}","templated":true}]}}