{"id":1777,"date":"2021-10-02T09:37:42","date_gmt":"2021-10-02T07:37:42","guid":{"rendered":"https:\/\/podgorjesg.splet.arnes.si\/?page_id=1777"},"modified":"2025-10-01T17:31:52","modified_gmt":"2025-10-01T15:31:52","slug":"koledar","status":"publish","type":"page","link":"https:\/\/www.ospodgorje.si\/?page_id=1777","title":{"rendered":"Splo\u0161ni koledar"},"content":{"rendered":"\n<figure class=\"wp-block-table\"><table class=\"has-black-color has-text-color has-link-color has-fixed-layout\"><tbody><tr><td rowspan=\"8\">2025<\/td><td>ponedeljek<\/td><td>1. 9.<\/td><td>ZA\u010cETEK POUKA<\/td><\/tr><tr><td>ponedeljek &#8211; \u010detrtek<\/td><td>27. 10. \u2013&nbsp; 30. 10.<\/td><td>JESENSKE PO\u010cITNICE<\/td><\/tr><tr><td>petek<\/td><td>31. 10.<\/td><td>DAN REFORMACIJE<\/td><\/tr><tr><td>sobota<\/td><td>1. 11.<\/td><td>DAN SPOMINA NA MRTVE<\/td><\/tr><tr><td>sreda<\/td><td>24. 12.<\/td><td>PROSLAVA PRED DNEVOM SAMOSTOJNOSTI IN ENOTNOSTI<\/td><\/tr><tr><td>\u010detrtek<\/td><td>25. 12.<\/td><td>BO\u017dI\u010c<\/td><\/tr><tr><td>petek<\/td><td>26. 12.<\/td><td>DAN SAMOSTOJNOSTI IN ENOTNOSTI<\/td><\/tr><tr><td>\u010detrtek &#8211; petek<\/td><td>25. 12. \u2013 2. 1.<\/td><td>NOVOLETNE PO\u010cITNICE<\/td><\/tr><tr><td rowspan=\"15\">2026<\/td><td>\u010cetrtek &#8211; petek<\/td><td>1. 1. \u2013 2. 1.<\/td><td>NOVO LETO<\/td><\/tr><tr><td>petek<\/td><td>30. 1.<\/td><td>ZAKLJU\u010cEK 1. OCENJEVALNEGA OBDOBJA<\/td><\/tr><tr><td>petek<\/td><td>6. 2.<\/td><td>PROSLAVA PRED&nbsp; SLOVENSKIM KULTURNIM PRAZNIKOM<\/td><\/tr><tr><td>nedelja<\/td><td>8. 2.<\/td><td>PRE\u0160ERNOV DAN, SLOVENSKI KULTURNI PRAZNIK<\/td><\/tr><tr><td>petek &#8211; sobota<\/td><td>13. 2 \u2013 14. 2.<\/td><td>INFORMATIVNA DNEVA ZA VPIS V SREDNJE \u0160OLE<\/td><\/tr><tr><td>ponedeljek &#8211;&nbsp;&nbsp; petek<\/td><td>23. 2. \u2013 27. 2.<\/td><td>ZIMSKE PO\u010cITNICE ZA U\u010cENCE Z OBMO\u010cJA JUGOVZHODNE SLOVENIJE (RAZEN OB\u010cIN: RIBNICA, SODRA\u017dICA, LO\u0160KI POTOK, KO\u010cEVJE, OSILNICA IN KOSTEL), KORO\u0160KE, PODRAVSKE, POMURSKE, SAVINJSKE IN POSAVSKE STATISTI\u010cNE REGIJE<\/td><\/tr><tr><td>ponedeljek<\/td><td>6. 4.<\/td><td>VELIKONO\u010cNI PONEDELJEK<\/td><\/tr><tr><td>ponedeljek<\/td><td>27. 4.<\/td><td>DAN UPORA PROTI OKUPATORJU<\/td><\/tr><tr><td>ponedeljek &#8211; petek<\/td><td>27. 4. \u2013 1. 5.<\/td><td>PRVOMAJSKE PO\u010cITNICE<\/td><\/tr><tr><td>petek &#8211; sobota<\/td><td>1. 5. \u2013 2. 5.<\/td><td>PRAZNIK DELA<\/td><\/tr><tr><td>ponedeljek<\/td><td>15. 6.<\/td><td>ZAKLJU\u010cEK 2. OCENJEVALNEGA OBDOBJA ZA U\u010cENCE 9. RAZREDA; RAZDELITEV SPRI\u010cEVAL IN OBVESTIL<\/td><\/tr><tr><td>sreda<\/td><td>24. 6.<\/td><td>PROSLAVA PRED DNEVOM DR\u017dAVNOSTI<\/td><\/tr><tr><td>sreda<\/td><td>24. 6.<\/td><td>ZAKLJU\u010cEK 2. OCENJEVALNEGA OBDOBJA ZA U\u010cENCE OD 1. DO 8. RAZREDA; RAZDELITEV SPRI\u010cEVAL IN OBVESTIL<\/td><\/tr><tr><td>\u010detrtek<\/td><td>25. 6.<\/td><td>DAN DR\u017dAVNOSTI<\/td><\/tr><tr><td>petek &#8211; ponedeljek<\/td><td>26. 6. \u2013 31. 8.<\/td><td>POLETNE PO\u010cITNICE<\/td><\/tr><\/tbody><\/table><\/figure>\n","protected":false},"excerpt":{"rendered":"<p>2025 ponedeljek 1. 9. ZA\u010cETEK POUKA ponedeljek &#8211; \u010detrtek 27. 10. \u2013&nbsp; 30. 10. JESENSKE PO\u010cITNICE petek 31. 10. DAN REFORMACIJE sobota 1. 11. DAN SPOMINA NA MRTVE sreda 24. 12. PROSLAVA PRED DNEVOM&#46;&#46;&#46;<\/p>\n","protected":false},"author":25249,"featured_media":0,"parent":0,"menu_order":0,"comment_status":"closed","ping_status":"closed","template":"","meta":{"ngg_post_thumbnail":0,"footnotes":""},"class_list":["post-1777","page","type-page","status-publish","hentry"],"_links":{"self":[{"href":"https:\/\/www.ospodgorje.si\/index.php?rest_route=\/wp\/v2\/pages\/1777","targetHints":{"allow":["GET"]}}],"collection":[{"href":"https:\/\/www.ospodgorje.si\/index.php?rest_route=\/wp\/v2\/pages"}],"about":[{"href":"https:\/\/www.ospodgorje.si\/index.php?rest_route=\/wp\/v2\/types\/page"}],"author":[{"embeddable":true,"href":"https:\/\/www.ospodgorje.si\/index.php?rest_route=\/wp\/v2\/users\/25249"}],"replies":[{"embeddable":true,"href":"https:\/\/www.ospodgorje.si\/index.php?rest_route=%2Fwp%2Fv2%2Fcomments&post=1777"}],"version-history":[{"count":14,"href":"https:\/\/www.ospodgorje.si\/index.php?rest_route=\/wp\/v2\/pages\/1777\/revisions"}],"predecessor-version":[{"id":9003,"href":"https:\/\/www.ospodgorje.si\/index.php?rest_route=\/wp\/v2\/pages\/1777\/revisions\/9003"}],"wp:attachment":[{"href":"https:\/\/www.ospodgorje.si\/index.php?rest_route=%2Fwp%2Fv2%2Fmedia&parent=1777"}],"curies":[{"name":"wp","href":"https:\/\/api.w.org\/{rel}","templated":true}]}}