{"id":1679,"date":"2021-09-17T09:00:22","date_gmt":"2021-09-17T07:00:22","guid":{"rendered":"https:\/\/podgorjesg.splet.arnes.si\/?page_id=1679"},"modified":"2021-10-18T11:29:06","modified_gmt":"2021-10-18T09:29:06","slug":"predstavitev-sole","status":"publish","type":"page","link":"https:\/\/www.ospodgorje.si\/?page_id=1679","title":{"rendered":"Predstavitev \u0161ole"},"content":{"rendered":"\n<p>Osnovna \u0161ola Podgorje pri Slovenj Gradcu je mati\u010dna \u0161ola z dvema podru\u017enicama.<\/p>\n\n\n\n<div class=\"wp-block-image\"><figure class=\"aligncenter size-large is-resized\"><img loading=\"lazy\" decoding=\"async\" src=\"https:\/\/www.ospodgorje.si\/files\/2020\/11\/simbol-simetri\u010den.jpg\" alt=\"\" class=\"wp-image-127\" width=\"138\" height=\"150\" \/><\/figure><\/div>\n\n\n\n<p>Tri \u0161ole skupaj ponazarja tudi na\u0161 logo &#8211; tri zelene smreke skupaj nad knjigo.<\/p>\n\n\n\n<figure class=\"wp-block-image size-large\"><img loading=\"lazy\" decoding=\"async\" width=\"1024\" height=\"101\" src=\"https:\/\/www.ospodgorje.si\/files\/2020\/11\/podgorje-3-1-1024x101.jpg\" alt=\"\" class=\"wp-image-15\" srcset=\"https:\/\/www.ospodgorje.si\/files\/2020\/11\/podgorje-3-1-1024x101.jpg 1024w, https:\/\/www.ospodgorje.si\/files\/2020\/11\/podgorje-3-1-300x29.jpg 300w, https:\/\/www.ospodgorje.si\/files\/2020\/11\/podgorje-3-1-768x76.jpg 768w, https:\/\/www.ospodgorje.si\/files\/2020\/11\/podgorje-3-1-1536x151.jpg 1536w, https:\/\/www.ospodgorje.si\/files\/2020\/11\/podgorje-3-1.jpg 1790w\" sizes=\"auto, (max-width: 1024px) 100vw, 1024px\" \/><\/figure>\n\n\n\n<p><strong><span class=\"has-inline-color has-vivid-red-color\">Na mati\u010dni \u0161oli  Podgorje pri Slovenj Gradcu<\/span><\/strong> je pribli\u017eno 150 u\u010dencev v devetih oddel\u010dnih razredih. \u0160ola se nahaja v vasi Podgorje, od koder lahko gremo na Ur\u0161ljo goro, Gra\u0161ko Goro ali na Pohorje. Otroci prihajajo iz Podgorja, Radu\u0161, Suhega dola, Svetega Duha in po \u0161olanju v \u0160miklav\u017eu \u0161e iz Gra\u0161ke Gore, Mislinjske Dobrave, Gra\u0161ke Gore, \u0160miklav\u017ea in Vodri\u017ea.<\/p>\n\n\n\n<figure class=\"wp-block-image size-large\"><img loading=\"lazy\" decoding=\"async\" width=\"1024\" height=\"122\" src=\"https:\/\/www.ospodgorje.si\/files\/2021\/09\/cropped-razbor-1-7-3-1024x122.jpg\" alt=\"\" class=\"wp-image-1682\" srcset=\"https:\/\/www.ospodgorje.si\/files\/2021\/09\/cropped-razbor-1-7-3-1024x122.jpg 1024w, https:\/\/www.ospodgorje.si\/files\/2021\/09\/cropped-razbor-1-7-3-300x36.jpg 300w, https:\/\/www.ospodgorje.si\/files\/2021\/09\/cropped-razbor-1-7-3-768x91.jpg 768w, https:\/\/www.ospodgorje.si\/files\/2021\/09\/cropped-razbor-1-7-3.jpg 1500w\" sizes=\"auto, (max-width: 1024px) 100vw, 1024px\" \/><\/figure>\n\n\n\n<p>Druga \u0161ola je 12 km oddaljena od Podgorja, blizu na\u0161e znamenite Ur\u0161lje gore (1699m).<strong><span class=\"has-inline-color has-vivid-red-color\"> Imenuje se Osnovna \u0161ola Razbor<\/span>,<\/strong> kjer poteka kombinirani pouk od 1. do 9. razreda. Otroci prihajajo iz Zgornjega in Spodnjega Razborja.<\/p>\n\n\n\n<figure class=\"wp-block-image size-large\"><img loading=\"lazy\" decoding=\"async\" width=\"1024\" height=\"121\" src=\"https:\/\/www.ospodgorje.si\/files\/2021\/09\/smiklavz-1-2-1024x121-1.jpg\" alt=\"\" class=\"wp-image-1684\" srcset=\"https:\/\/www.ospodgorje.si\/files\/2021\/09\/smiklavz-1-2-1024x121-1.jpg 1024w, https:\/\/www.ospodgorje.si\/files\/2021\/09\/smiklavz-1-2-1024x121-1-300x35.jpg 300w, https:\/\/www.ospodgorje.si\/files\/2021\/09\/smiklavz-1-2-1024x121-1-768x91.jpg 768w\" sizes=\"auto, (max-width: 1024px) 100vw, 1024px\" \/><\/figure>\n\n\n\n<p><strong><span class=\"has-inline-color has-vivid-red-color\">Tretja \u0161ola se imenuje Osnovna \u0161ola \u0160miklav\u017e<\/span><\/strong> in je od Podgorja oddaljena 4 km. Je v vasi Vodri\u017e pod Gra\u0161ko Goro. Tudi tu poteka pouk v kombiniranih oddelkih od 1. do 4. razreda. Otroci prihajajo iz Gra\u0161ke Gore, Mislinjske Dobrave, Gra\u0161ke Gore, \u0160miklav\u017ea in Vodri\u017ea<\/p>\n\n\n\n<p><strong><span class=\"has-inline-color has-vivid-red-color\">\u0160olski okoli\u0161 zavzema velik del Mestne ob\u010dine Slovenj Gradec<\/span><\/strong>, ki je tudi na\u0161a ustanoviteljica.<\/p>\n\n\n\n<p><strong><a href=\"https:\/\/www.ospodgorje.si\/o-solstvu-v-kraju-podrobneje\/\" target=\"_blank\" rel=\"noreferrer noopener\">O \u0161olstvu v kraju podrobneje<\/a><\/strong> (povezava se odpre v novem oknu)<\/p>\n","protected":false},"excerpt":{"rendered":"<p>Osnovna \u0161ola Podgorje pri Slovenj Gradcu je mati\u010dna \u0161ola z dvema podru\u017enicama. Tri \u0161ole skupaj ponazarja tudi na\u0161 logo &#8211; tri zelene smreke skupaj nad knjigo. Na mati\u010dni \u0161oli Podgorje pri Slovenj Gradcu je&#46;&#46;&#46;<\/p>\n","protected":false},"author":25249,"featured_media":0,"parent":0,"menu_order":0,"comment_status":"closed","ping_status":"closed","template":"","meta":{"ngg_post_thumbnail":0,"footnotes":""},"class_list":["post-1679","page","type-page","status-publish","hentry"],"_links":{"self":[{"href":"https:\/\/www.ospodgorje.si\/index.php?rest_route=\/wp\/v2\/pages\/1679","targetHints":{"allow":["GET"]}}],"collection":[{"href":"https:\/\/www.ospodgorje.si\/index.php?rest_route=\/wp\/v2\/pages"}],"about":[{"href":"https:\/\/www.ospodgorje.si\/index.php?rest_route=\/wp\/v2\/types\/page"}],"author":[{"embeddable":true,"href":"https:\/\/www.ospodgorje.si\/index.php?rest_route=\/wp\/v2\/users\/25249"}],"replies":[{"embeddable":true,"href":"https:\/\/www.ospodgorje.si\/index.php?rest_route=%2Fwp%2Fv2%2Fcomments&post=1679"}],"version-history":[{"count":9,"href":"https:\/\/www.ospodgorje.si\/index.php?rest_route=\/wp\/v2\/pages\/1679\/revisions"}],"predecessor-version":[{"id":1906,"href":"https:\/\/www.ospodgorje.si\/index.php?rest_route=\/wp\/v2\/pages\/1679\/revisions\/1906"}],"wp:attachment":[{"href":"https:\/\/www.ospodgorje.si\/index.php?rest_route=%2Fwp%2Fv2%2Fmedia&parent=1679"}],"curies":[{"name":"wp","href":"https:\/\/api.w.org\/{rel}","templated":true}]}}