{"id":1644,"date":"2021-09-10T18:47:59","date_gmt":"2021-09-10T16:47:59","guid":{"rendered":"https:\/\/podgorjesg.splet.arnes.si\/?page_id=1644"},"modified":"2021-09-10T18:50:02","modified_gmt":"2021-09-10T16:50:02","slug":"prasentation-auf-deutsch","status":"publish","type":"page","link":"https:\/\/www.ospodgorje.si\/?page_id=1644","title":{"rendered":"Pr\u00e4sentation auf Deutsch"},"content":{"rendered":"\n<div class=\"wp-block-image\"><figure class=\"aligncenter size-large\"><img loading=\"lazy\" decoding=\"async\" width=\"40\" height=\"20\" src=\"https:\/\/www.ospodgorje.si\/files\/2021\/09\/german_flag.jpg\" alt=\"\" class=\"wp-image-1623\" \/><\/figure><\/div>\n\n\n\n<p>Die Grundschule Podgorje bei Slovenj Gradec liegt im Dorf Podgorje bei Slovenj Gradec, die eine wichtige Stadt in Koro\u0161ka ist. Koro\u0161ka ist eine Region in Slowenien. Eigentlich gibt es bei uns drei Schulen zusammen, was auch unser Logo ausdr\u00fcckt- drei Fichten zusammen \u00fcber einem ge\u00f6ffneten Buch.<\/p>\n\n\n\n<p>Unsere Schule besuchen 150 Sch\u00fcler im Alter von 6 bis 15 Jahre. In unserer sch\u00f6nen Schule findet ein neunj\u00e4hriges Schulprogramm statt.<\/p>\n\n\n\n<p>Die zweite Schule ist von Podgorje 12 km entfernt und liegt in der N\u00e4he vom Berg Ur\u0161lja gora (1699m).<br>In dieser Dorfschule &#8211; der Grundschule Razbor ist ein Mehrklassenunterricht organisiert, denn hier leben nicht viele Sch\u00fcler. Ihre Heime, meistens Bauernh\u00f6fe, sind auf diesem Berggebiet verstreut.<\/p>\n\n\n\n<p>Die dritte Schule &#8211; die Grundschule \u0160miklav\u017e, 4 km von Podgorje entfernt, liegt unter dem Berg Gra\u0161ka Gora. In dieser Mehrklassenschule unter richten wir kombinierte Klassen, von der ersten bis zur vierten Schulstufe.<\/p>\n","protected":false},"excerpt":{"rendered":"<p>Die Grundschule Podgorje bei Slovenj Gradec liegt im Dorf Podgorje bei Slovenj Gradec, die eine wichtige Stadt in Koro\u0161ka ist. Koro\u0161ka ist eine Region in Slowenien. Eigentlich gibt es bei uns drei Schulen zusammen,&#46;&#46;&#46;<\/p>\n","protected":false},"author":25249,"featured_media":0,"parent":0,"menu_order":0,"comment_status":"closed","ping_status":"closed","template":"","meta":{"ngg_post_thumbnail":0,"footnotes":""},"class_list":["post-1644","page","type-page","status-publish","hentry"],"_links":{"self":[{"href":"https:\/\/www.ospodgorje.si\/index.php?rest_route=\/wp\/v2\/pages\/1644","targetHints":{"allow":["GET"]}}],"collection":[{"href":"https:\/\/www.ospodgorje.si\/index.php?rest_route=\/wp\/v2\/pages"}],"about":[{"href":"https:\/\/www.ospodgorje.si\/index.php?rest_route=\/wp\/v2\/types\/page"}],"author":[{"embeddable":true,"href":"https:\/\/www.ospodgorje.si\/index.php?rest_route=\/wp\/v2\/users\/25249"}],"replies":[{"embeddable":true,"href":"https:\/\/www.ospodgorje.si\/index.php?rest_route=%2Fwp%2Fv2%2Fcomments&post=1644"}],"version-history":[{"count":2,"href":"https:\/\/www.ospodgorje.si\/index.php?rest_route=\/wp\/v2\/pages\/1644\/revisions"}],"predecessor-version":[{"id":1647,"href":"https:\/\/www.ospodgorje.si\/index.php?rest_route=\/wp\/v2\/pages\/1644\/revisions\/1647"}],"wp:attachment":[{"href":"https:\/\/www.ospodgorje.si\/index.php?rest_route=%2Fwp%2Fv2%2Fmedia&parent=1644"}],"curies":[{"name":"wp","href":"https:\/\/api.w.org\/{rel}","templated":true}]}}